 = n - h. Calculate i(m).
1
Suppose 6*g - 34 + 10 = 0. Let h be ((-6)/3*g)/(-2). Let b(w) = -2*w - 5. What is b(h)?
-13
Let l(h) = h**3 + 8*h**2 - 9*h - 5. Let x be l(-9). Let p = x + 0. Let y(j) = 4*j - 3*j - j + 4 - j. Give y(p).
9
Let o(k) = -k + 2. Let m(d) = d**2 - 2*d - 1. Let c(w) = -m(w) - o(w). Determine c(2).
1
Suppose -2*d = 5*d - 21. Let q(h) = -11*h**2 + 10*h + 1. Let c(a) = 5*a**2 - 5*a. Let b(o) = 5*c(o) + 2*q(o). Determine b(d).
14
Let f(l) = -15*l - 13. Let s be f(-1). Let a(m) = -43*m - m**3 + 14*m - 7*m**s - 9 + 25*m. Give a(-7).
19
Let m(b) be the first derivative of -b**4/2 + 23*b**3/3 - 9*b**2/2 - 16*b - 144. Give m(11).
6
Let r be 2/19 + 8954/2299. Let n(b) = b**3 + 4*b**2 - 4*b + 7. Let f be n(-5). Let w(i) = 5 + 1 - f*i + i. Determine w(r).
2
Suppose -11*t + 32 = 5*t. Let g(y) = 2*y**2 + y. Let h be g(-1). Let f = h - t. Let i(a) = a. Calculate i(f).
-1
Suppose 0 = 4*i - 17*i + 3*i. Let g be (-32)/20*(2 - (-3 - i)). Let a(t) = -t**2 - 7*t + 1. Give a(g).
-7
Let p(w) = 3*w**2 - 19*w + 19. Let y be p(7). Let a = y - 41. Let u(i) = i + 12. What is u(a)?
4
Let z(a) = -a - 1. Let b(s) = -34*s - 2. Let n be b(-1). Suppose 4 = -4*p + n. Let w(o) = -o + 13. Let m be w(p). What is z(m)?
-7
Suppose -3*u - 73 = -88. Let o(r) = -3*r + 5. Determine o(u).
-10
Let w(z) = -4 + 541*z + 4 + z**3 + 3 - 540*z - 4 - 7*z**2. What is w(6)?
-31
Let n be (4/(-5))/2 - 60/(-25). Let l(m) = 2*m**n - 5*m**2 - 7*m**2 + 4*m**2. Give l(1).
-6
Suppose -4*r + 17 = 3*u, 2*r + 17 = 5*u + 6. Suppose 0 = -u*q - 5*n + 2 + 14, 2*n = q - 9. Let d(o) = -o**2 + 2*o + q*o + 0 - 2 - 3*o. Give d(4).
6
Let s(h) = -h**2 - 3*h - 1. Let w be 13/((-130)/60) - -6. Determine s(w).
-1
Let f(z) = z**2 + 47. Let j(m) = -m**3 - 2. Let a(n) = -f(n) + j(n). Determine a(0).
-49
Let z(g) = -66 - 60 - 9*g + 126. Let y(n) = n + 11. Let q be y(-10). Give z(q).
-9
Let r(g) be the first derivative of -5*g - 4 - 1/2*g**2. Give r(-4).
-1
Let s be (-4 - 51/(-15)) + 129/15. Suppose 0 = -21*n + 17*n + s. Let r(j) = -2*j**3 + 2*j - 1. Give r(n).
-13
Let j be (-30)/(-15) + -2 + 0. Let h(p) = -p - 2. Give h(j).
-2
Let o(n) = 3 - 7 - n + 9. Give o(9).
-4
Let w be (-10)/4 + (-765)/170. Let b(m) = -7*m - 48. Determine b(w).
1
Suppose -h - 1 = 7*d - 4*d, 2*h + 12 = 4*d. Let y(f) = -10*f**3 + 2*f - 1. What is y(d)?
-9
Let d(o) = 11*o + 30. Let b be d(-3). Let m(z) = 4 + z - 7 + 7. Determine m(b).
1
Let o(c) = -39 - 5*c**2 + 9*c - 6*c + 49 + 4*c**2. Calculate o(7).
-18
Let v(h) = -h - 11. Let d(c) = -6*c - 55. Let g(x) = 2*d(x) - 11*v(x). Suppose 5*f - 18 = -4*f. Suppose f*n = -0*n + 16. Determine g(n).
3
Let q(d) be the first derivative of -d**3/3 + 3*d**2 + 6*d + 28. What is q(6)?
6
Let j be -1*(96/(-15))/((-7)/(-35)). Let g be 21/(-2) - (-48)/j. Let d(l) = l + 21. Determine d(g).
12
Let w(y) be the first derivative of 4*y**3/3 + 3*y**2 - 5*y - 2. Let q(c) = 7*c**2 + 11*c - 9. Let v(r) = 3*q(r) - 5*w(r). Give v(-3).
-2
Let j(a) = -a + 2. Let v(f) = 4*f + f - 3*f - 4. Let u(g) = 7*j(g) + 3*v(g). Let m be 5/(-15)*3*-1. What is u(m)?
1
Let f(w) be the third derivative of -w**5/60 + 5*w**4/12 + 13*w**3/6 - 145*w**2. Give f(12).
-11
Let v(g) = -g**3 + 6*g**2 + 6*g. Suppose 0 = 22*j - 8*j - 84. Give v(j).
36
Let l(c) = -5*c + 1. Let n = 139 + -268. Let j = 130 + n. What is l(j)?
-4
Let h = -103 - -99. Let t(k) = 15*k - 24. Let x(f) = f - 1. Let n(y) = -2*y**2 - 5*y - 6. Let a be n(-4). Let i(b) = a*x(b) + t(b). Determine i(h).
6
Suppose -5*d + 9 = 4. Let a(n) = -2*n**2 + 7*n. Let q(k) = -3*k**2 + 13*k. Let b(u) = 11*a(u) - 6*q(u). Calculate b(d).
-5
Let p(f) = -2*f + 1. Suppose -5*q + 4 + 1 = 0, -o + 5*q = 6. Let a be (10/4)/(o/2). Determine p(a).
11
Let n(w) = w**2 - 8*w + 8. Let t(m) = -m**3 - 12*m**2 - 11*m + 7. Let p be t(-11). Calculate n(p).
1
Let b(v) = 13*v + 2. Let d = 79 - 82. Calculate b(d).
-37
Let o(f) = -f**3 - 1008 - 2*f**2 + 1013 + 10*f + 10*f**2. Determine o(9).
14
Let y(f) be the first derivative of -f**3/3 - 3*f**2 + 5*f + 402. Determine y(-7).
-2
Let a(p) = -p**2 - 13*p - 44. Let y be a(-5). Let s(f) = 6*f + 21. Give s(y).
-3
Let c(p) = p**2 + 7*p - 6. Suppose 9*k = -22 - 23. Let w(l) = 7*l + 2 - 3 + l**2 - 6. Let n(z) = k*c(z) + 6*w(z). Calculate n(-9).
6
Let m(a) be the second derivative of -a**4/24 - a**3/3 + 6*a**2 + 4*a. Let l(x) be the first derivative of m(x). Calculate l(-7).
5
Let f(a) = -2*a + 1. Suppose 15 = -5*n, -25 = -4*u + 5*n + 110. Suppose -2*o = 4*o - u. Determine f(o).
-9
Let p(k) = k + 1. Let c(f) = 4*f**2 - 6*f - 5. Let i(n) = -c(n) - 5*p(n). Suppose -4*z + 2*v + 2 = 0, -4*z + 4*v - 6 = -6*z. Determine i(z).
-3
Let n(k) = -k**3 - 6*k**2 + 8*k + 5. Let u be n(-7). Let y(a) = 6*a + 4 - 8*a + 3*a**2 - 4 - 1. Calculate y(u).
15
Let u be 16/10 - (-2)/5. Suppose -2*n - 2 = v - 0, 0 = -v - 5*n - u. Let r(a) = a + 4 - a - 3*a - 7. Calculate r(v).
3
Suppose f = -l - 1, 5*f + 8 = -4*l - 0*l. Let z(o) be the first derivative of 1 - 3/2*o**2 + 4*o. Give z(l).
-5
Let j be ((-1)/3)/(-6*(-5)/270). Let s(g) = 5*g**2 + 3*g - 5. Let v(i) = -11*i**2 - 7*i + 11. Let o(a) = -5*s(a) - 2*v(a). Give o(j).
-21
Let t(k) = -k**3 - 13*k**2 + 2*k + 28. Let f be t(-13). Let h(c) = -4*c + 211 + f*c - 206. Let b(j) = -j**2 - 5*j - 2. Let z be b(-3). Calculate h(z).
-3
Let l(t) = 12*t - 84. Suppose 2*z = -4*g + z + 28, 2*g = -4*z + 14. Calculate l(g).
0
Let u(b) be the first derivative of -b**2 - 12*b + 316. Determine u(-8).
4
Let a(n) = 1039*n + 1047*n - 3 + 5*n**2 - n**3 + 1044*n - 3133*n. Let k be (-1)/((-1 + 3)/(-8)). Calculate a(k).
1
Let r(t) = -5*t**2 - 26*t + 2. Let x(u) = -15*u**2 - 74*u + 6. Let c(k) = 17*r(k) - 6*x(k). Suppose -3 = -n - 1. Calculate c(n).
22
Let g(j) be the first derivative of -j**4/4 + j**3/3 - j**2/2 - 8*j - 83. Determine g(0).
-8
Let t(y) = y - 7. Let o be ((-34)/(-4) - 5) + (-1)/(-2). Suppose -o + 10 = h. What is t(h)?
-1
Let y(j) = -3*j**2 + j + 9. Let h(k) = -8*k**2 + 3*k**2 + k**2 - 3 + 5*k**2. Let g(r) = -11*h(r) - 4*y(r). Calculate g(3).
-6
Let y(c) = -3*c**2 - c + 1. Let m(r) = -14*r**2 - 9*r + 2. Let l(n) = -m(n) + 5*y(n). Give l(3).
6
Let k(c) = -c**2 + 2*c - 2. Suppose 0 = 4*g + r + 10 - 31, -5*g + 3*r + 22 = 0. Let u(d) = -d + 7. Let a be u(g). Give k(a).
-2
Let k = 0 + 3. Let z(s) = 17*s**2 - 16*s. Let b(d) = 2*d - 7*d + d + 5*d**2 - d**2. Let i(y) = 9*b(y) - 2*z(y). Calculate i(k).
6
Let y(a) be the second derivative of 2*a**3/3 + 7*a**2/2 + 52*a. Give y(-5).
-13
Let x(y) be the first derivative of -1/24*y**4 + 4/3*y**3 - 2 - 3*y**2 + 0*y. Let f(h) be the second derivative of x(h). Calculate f(7).
1
Let y(b) be the third derivative of 13*b**4/24 + b**3/6 - 2*b**2 + 174*b. Let o be 2/6 + 4/(-3). Determine y(o).
-12
Suppose 4*n - 276 = 50*n. Let a(f) = -2*f - 9. Give a(n).
3
Suppose 0 = -2*h - 6*h + 48. Let r(s) = -s. Let q(f) = -12*f - 2. Let l(n) = h*r(n) - q(n). Determine l(2).
14
Suppose -15 = -18*v + 13*v. Let n(q) = 2*q**3 + 0*q**3 - v*q**2 + 3*q - 1 - q**2. Give n(2).
5
Let u(f) = -f**2 - 6*f + 7. Suppose 172*w - 181*w = 54. What is u(w)?
7
Let y be (-3 - 0)/(2/(-10)). Let f(z) = -13*z**2 - y*z**2 + 4 + 33*z**2 - z**3. Let h = -9 + 14. Determine f(h).
4
Let f(h) be the third derivative of -13*h**4/24 + h**3/6 + 7*h**2. Let b(g) = g**2 - 2*g. Let t be b(3). Suppose -t*n + 23 = 5*l, 0*l = 2*l - 8. Determine f(n).
-12
Let l(j) = -j**2 + 7*j - 4. Let g be 7/(-2)*128/(-112). Let u be 1*g - 0/(-13). Suppose u*s + 3*m = 15, -4*s + m + 9 = -3*s. Calculate l(s).
2
Let y be (12/21)/((-5)/(-35)). Suppose 0 = 3*l - y*w - 21, -3*w + 28 = -2*l + 6*l. Let z(b) = -b - 3. Give z(l).
-10
Let k(q) = -2*q - 3. Let h = -87 + 105. Suppose -3*s = -5*p - h, 6*p - 7*p + 2 = -2*s. Determine k(p).
9
Suppose -2*k + 5*k = -15. Let c = -19 - 7. Let l(y) = y. Let z(n) = 4*n. Let v(q) = c*l(q) + 6*z(q). What is v(k)?
10
Let f(d) be the third derivative of -d**6/360 + d**5/60 + d**4/8 - d**3 - 13*d**2. Let c(t) be the first derivative of f(t). Give c(5).
-12
Suppose 6 = 11*c - 10*c, -4*a = -2*c + 40. Let r(p) = 1. Let s(v) = -v + 11. Let i(u) = -r(u) + s(u). Determine i(a).
17
Let b(d) be the first derivative of -19*d**4/4 + 6. Suppose 5 = -2*c + 7. Calculate b(c).
-19
Let y(q) = -2*q**2 + 6*q + 12. Suppose 24*k = 6*k + 90. What is y(k)?
-8
Let t(m) = m**2 + 8*m + 25 - 2*m